5969
List the prime factors of 1733768891.
18049, 96059
What are the prime factors of 233674813?
233674813
What are the prime factors of 1088948270?
2, 5, 7193, 15139
List the prime factors of 2004691310.
2, 5, 41, 4889491
List the prime factors of 57666548.
2, 14416637
List the prime factors of 26442350.
2, 5, 11, 131, 367
List the prime factors of 968228631.
3, 23, 4677433
List the prime factors of 30346551.
3, 31, 108769
List the prime factors of 349537425.
3, 5, 17, 274147
What are the prime factors of 80956335?
3, 5, 5397089
What are the prime factors of 2472570179?
23027, 107377
What are the prime factors of 3273976298?
2, 19, 3307, 26053
List the prime factors of 613717582.
2, 269, 761, 1499
List the prime factors of 103201028.
2, 7, 3685751
List the prime factors of 36759121.
7, 1483, 3541
List the prime factors of 267536153.
43, 6221771
List the prime factors of 363907894.
2, 7, 137, 189733
What are the prime factors of 7613590?
2, 5, 83, 9173
List the prime factors of 294491397.
3, 41, 2394239
List the prime factors of 12591616.
2, 24593
What are the prime factors of 10307756?
2, 37, 257, 271
List the prime factors of 79736702.
2, 37, 89, 12107
What are the prime factors of 2792347986?
2, 3, 883, 527057
What are the prime factors of 46763387?
11, 67, 107, 593
List the prime factors of 63243449.
2111, 29959
What are the prime factors of 194857928?
2, 24357241
List the prime factors of 92761893.
3, 7, 1472411
What are the prime factors of 1334383896?
2, 3, 487, 114167
List the prime factors of 181811715.
3, 5, 12120781
List the prime factors of 4912525996.
2, 7, 175447357
What are the prime factors of 4921650167?
7, 47, 14959423
What are the prime factors of 192588710?
2, 5, 29, 664099
What are the prime factors of 1111312948?
2, 277828237
What are the prime factors of 137247089?
7, 19, 147419
What are the prime factors of 47598544?
2, 7, 61, 6967
What are the prime factors of 2737880951?
13, 16200479
What are the prime factors of 729894849?
3, 191, 449, 2837
List the prime factors of 2505264478.
2, 1252632239
List the prime factors of 3493488768.
2, 3, 7, 11, 23, 467
List the prime factors of 418556442.
2, 3, 167, 417721
What are the prime factors of 63486560?
2, 5, 463, 857
List the prime factors of 170489912.
2, 563, 37853
What are the prime factors of 1207408755?
3, 5, 7, 647, 2539
What are the prime factors of 155697903?
3, 31, 186019
What are the prime factors of 469336123?
7457, 62939
What are the prime factors of 2347115?
5, 29, 16187
What are the prime factors of 3802468195?
5, 19, 40025981
List the prime factors of 3969410171.
131, 30300841
List the prime factors of 11696924.
2, 2924231
List the prime factors of 15182008.
2, 1897751
List the prime factors of 219385044.
2, 3, 251, 8093
List the prime factors of 72912207.
3, 199, 122131
What are the prime factors of 1106261871?
3, 11, 13, 19, 135721
List the prime factors of 555488679.
3, 185162893
What are the prime factors of 1623312121?
71, 22863551
List the prime factors of 470903474.
2, 149, 1580213
What are the prime factors of 722687761?
23, 283, 111029
List the prime factors of 2670223621.
13, 79, 167, 15569
List the prime factors of 3789484.
2, 241, 3931
What are the prime factors of 422409531?
3, 140803177
What are the prime factors of 5373156645?
3, 5, 337, 354313
What are the prime factors of 171058553?
811, 210923
List the prime factors of 422898191.
422898191
List the prime factors of 3859647065.
5, 1091, 707543
List the prime factors of 603732745.
5, 7, 11, 701, 2237
List the prime factors of 1335167292.
2, 3, 111263941
What are the prime factors of 1646116736?
2, 11, 421, 2777
What are the prime factors of 9860009?
281, 35089
What are the prime factors of 61676518?
2, 1787, 17257
List the prime factors of 352247576.
2, 23, 1914389
What are the prime factors of 813292507?
881, 923147
List the prime factors of 13194624.
2, 3, 34361
List the prime factors of 191226664.
2, 23903333
List the prime factors of 857921116.
2, 13, 17, 71, 13669
What are the prime factors of 149681754?
2, 3, 389, 21377
List the prime factors of 5854395336.
2, 3, 10513, 23203
What are the prime factors of 54374306?
2, 7, 811, 4789
What are the prime factors of 367971385?
5, 19, 3873383
List the prime factors of 859593098.
2, 7, 13, 19, 331, 751
List the prime factors of 2844711305.
5, 568942261
What are the prime factors of 446959394?
2, 7, 31925671
List the prime factors of 168650672.
2, 10540667
What are the prime factors of 5503454709?
3, 19, 61, 191, 8287
What are the prime factors of 266141557?
11, 239, 9203
List the prime factors of 114960822.
2, 3, 19160137
What are the prime factors of 1225286115?
3, 5, 2837, 28793
List the prime factors of 960710667.
3, 7, 23, 1989049
List the prime factors of 128216690.
2, 5, 7, 1831667
List the prime factors of 27368340.
2, 3, 5, 491, 929
What are the prime factors of 302088321?
3, 33565369
What are the prime factors of 344396034?
2, 3, 19133113
What are the prime factors of 2025318584?
2, 61, 4150243
What are the prime factors of 2341961?
41, 239
What are the prime factors of 1854250671?
3, 7, 13, 37, 183571
List the prime factors of 86854766.
2, 4253, 10211
List the prime factors of 3377347827.
3, 7, 37, 4346651
What are the prime factors of 292200992?
2, 2129, 4289
List the prime factors of 438802192.
2, 27425137
What are the prime factors of 1900007823?
3, 7, 90476563
What are the prime factors of 1573673928?
2, 3, 47, 29683
List the prime factors of 18182837.
18182837
What are the prime factors of 106214820?
2, 3, 5, 29, 61043
List the prime factors of 53545088.
2, 418321
What are the prime factors of 1637920100?
2, 5, 233, 70297
List the prime factors of 44711457.
3, 7, 137, 15541
What are the prime factors of 23806331?
23806331
What are the prime factors of 425005127?
1621, 262187
List the prime factors of 34111032.
2, 3, 1421293
List the prime factors of 237238685.
5, 73, 649969
List the prime factors of 19523124.
2, 3, 37, 14657
List the prime factors of 77287722.
2, 3, 2753, 4679
What are the prime factors of 125284943?
7, 677, 26437
What are the prime factors of 1197240415?
5, 7, 839, 40771
List the prime factors of 152287822.
2, 487, 156353
What are the prime factors of 14598099?
3, 19, 85369
What are the prime factors of 416438195?
5, 83287639
What are the prime factors of 66744179?
659, 101281
List the prime factors of 367843128.
2, 3, 197, 77801
List the prime factors of 964165767.
3, 379, 847991
What are the prime factors of 4015451754?
2, 3, 19, 881, 13327
What are the prime factors of 65111734?
2, 17, 1915051
What are the prime factors of 84635366?
2, 42317683
List the prime factors of 453378708.
2, 3, 151, 3089
What are the prime factors of 2705036231?
2705036231
What are the prime factors of 2551007934?
2, 3, 141722663
What are the prime factors of 104931811?
1741, 60271
List the prime factors of 1997759557.
1091, 1831127
What are the prime factors of 1200740823?
3, 101, 1320947
What are the prime factors of 2299126537?
41, 43, 877, 1487
List the prime factors of 23284341.
3, 337, 853
What are the prime factors of 97378968?
2, 3, 37, 109661
What are the prime factors of 136457326?
2, 68228663
What are the prime factors of 1177442438?
2, 588721219
What are the prime factors of 39251886?
2, 3, 6541981
What are the prime factors of 53753286?
2, 3, 17, 526993
List the prime factors of 114244862.
2, 17, 29, 109, 1063
What are the prime factors of 134172562?
2, 67086281
What are the prime factors of 68228222?
2, 37, 24919
List the prime factors of 1953808509.
3, 239, 673, 4049
List the prime factors of 68490935.
5, 31, 441877
List the prime factors of 422433874.
2, 211216937
What are the prime factors of 1507935?
3, 5, 11, 13, 19, 37
What are the prime factors of 39996006?
2, 3, 6666001
What are the prime factors of 287146933?
71, 4044323
What are the prime factors of 718763?
61, 11783
What are the prime factors of 76123648?
2, 157, 947
List the prime factors of 50943829.
173, 389, 757
What are the prime factors of 45492589?
45492589
List the prime factors of 580296813.
3, 101, 337, 5683
List the prime factors of 105508131.
3, 35169377
List the prime factors of 73631011.
73631011
What are the prime factors of 1335975685?
5, 11,